= -65, 5*b - 90 = 4*r - 10. List the prime factors of b.
2, 5
List the prime factors of (54/(-45))/(((-216)/(-92440))/(-9)).
2, 2311
Suppose j + 3*j = 72. Let q(w) = -16*w**2 + 17*w - j + w**3 - 8 + 7. What are the prime factors of q(15)?
11
Suppose 24*l - 22*l - 766 = 0. List the prime factors of (-7 + 5)*(-5)/(-2) + l.
2, 3, 7
Let i be 1/((20/(-5655))/4). Let y = -576 - i. What are the prime factors of y?
3, 5, 37
Let c = -1138 - -810. Let h = c + 768. Suppose 0 = 2*z + 2*z - h. List the prime factors of z.
2, 5, 11
Suppose 358 = 9*h + 412. List the prime factors of (-7997)/h + -2 + (-5)/(-30).
11
List the prime factors of (-21)/(-18) - 63167/(-78).
811
Let w be 4524/(-65) + (-6)/(-10). List the prime factors of (184/w)/((-2)/3) - -336.
2, 5, 17
Let f(z) = -2*z**2 + 72*z - 95. Let c be f(36). Suppose -243 - 492 = -5*r. Let s = c + r. What are the prime factors of s?
2, 13
Let s(y) = -y**3 + y**2 - 10. Suppose -44 = -4*r - 5*g, 2*r = 6*r - 3*g - 12. Let o be s(r). Let f = o - -393. What are the prime factors of f?
7, 29
Let b(p) = 5*p + 53. Let l be b(-10). Suppose -h - 1018 - 2380 = -l*q, h = -5*q + 5650. List the prime factors of q.
3, 13, 29
Let o = 8 - 6. Let c = 39 - 25. Suppose o*p = -c + 72. List the prime factors of p.
29
Let p(s) = -543*s - 37. Let l(q) = 1628*q + 106. Let c(y) = -3*l(y) - 8*p(y). List the prime factors of c(-2).
2, 23
Suppose -73*w + 75*w + 538 = 0. Let y = w - -561. What are the prime factors of y?
2, 73
Suppose -7*s - 24 - 18 = 0. Let x be s/((8/(-16))/(2/6)). What are the prime factors of 103 - (12/x - 1)?
101
Let x be 3*(-107 + -1)/6. Let o be 12/x + (-2927)/(-9). Suppose -119 - o = -2*d. What are the prime factors of d?
2, 3, 37
What are the prime factors of -1622*180/(-50)*(-5)/(-4)?
3, 811
Let f = 39 - -6. Suppose -3*q = -4*q + f. Suppose q*b - 49*b = -240. What are the prime factors of b?
2, 3, 5
What are the prime factors of (-972)/15*(-6 + (10 - 159))?
2, 3, 31
List the prime factors of (15483375/450)/((-5)/(-2)).
13763
Suppose 31*n = -2110 - 726 + 46. Let f(b) = -b**3 + 9*b**2 + 3*b + 3. Let h be f(5). Let m = n + h. List the prime factors of m.
2, 7
Let o = 457 + -453. Suppose -5*y = o*u - 3111, -u + 970 - 193 = y. List the prime factors of u.
2, 3, 43
Suppose 31*z = 13*z + 288. List the prime factors of (2 - 833)*(32/(-6))/z.
277
Let z(o) = -1554*o - 740. List the prime factors of z(-15).
2, 5, 37, 61
Suppose 6*c = 2*c. Suppose -4*m + 6665 = 5*l, c = 4*m - 6*l + 2*l - 6620. What are the prime factors of m?
2, 5, 83
Let w(v) = 385*v**2 - 136*v - 46. List the prime factors of w(9).
5, 31, 193
Let b be ((-5)/(-2)*2)/((-155)/(-62)). List the prime factors of (b - 48/8)/((-2)/557).
2, 557
Let n be -3 + (-29)/(-2) + 4/(-8). Suppose -3*k + 7 = -n. Suppose 3*t = k*t - 42. What are the prime factors of t?
2, 7
Let p(l) = -6*l - 61 + 3*l + 2*l + 69. Let c be p(8). Suppose -4*y = 5*f - 2*f - 247, c = -y - 3*f + 73. What are the prime factors of y?
2, 29
Let m(r) = -r**2 + 19*r + 39. Let j be m(19). What are the prime factors of 449 - (4 - j)/7?
2, 227
Let b(c) = c**3 - 7*c**2 - 18*c + 7. Let d be b(10). Let t = 231 - d. List the prime factors of t.
2, 13
Suppose 0 = 4*f - 29*x + 27*x - 70574, 0 = -3*x + 15. List the prime factors of f.
2, 3, 17, 173
Let f(l) = 14*l - 2. Let k be f(2). Suppose k - 128 = -2*i. List the prime factors of i.
3, 17
Let o(f) = 912*f**2 - 221*f - 1508. List the prime factors of o(-7).
3, 17, 877
Suppose -3*p = 3*t - 191526, -4*p + 4*t = -102296 - 153128. What are the prime factors of p?
3, 21283
Suppose 15*m + 8*m - 115 = 0. Suppose -2*x + 1442 = 4*f, 3*f = m*x - 3179 - 491. What are the prime factors of x?
17, 43
Let b = -320 + 334. List the prime factors of b/(-35) + (-3876)/(-15).
2, 3, 43
Let l = -80 - -77. Let w(z) = -8*z - 30. Let j be w(l). List the prime factors of (j/5)/(-3 - (-4428)/1480).
2, 37
Suppose 0 = 37*b - 13*b - 183696. What are the prime factors of b?
2, 43, 89
Suppose 0*p - 6 = -p - l, -5*p + 5*l - 10 = 0. Let c(u) = 2*u**2 + 0*u**p - 125*u - 5 + 111*u - 1. What are the prime factors of c(-6)?
2, 3, 5
Suppose 0 = -5*j + 3*w + 15, 5*j + 5*w + 0 = 15. Suppose -2*l = -j*g + 7*g - 8, -2*g = 5*l - 20. Suppose l*q = -0*q + 516. What are the prime factors of q?
3, 43
Suppose 65 - 395 = -11*w. Suppose -z - 33 = -w. List the prime factors of (9/z)/((-2)/38).
3, 19
Suppose -5*v + 2*c - 7*c + 65 = 0, -4*c = 5*v - 64. List the prime factors of (0 - (-4)/(-5))/(v/(-5910)).
2, 197
Let q(n) = -97*n - 33. Let p(m) = 48*m + 17. Let i(t) = 5*p(t) + 3*q(t). Let d be i(-4). Let h = -134 + d. What are the prime factors of h?
2, 7
Let k = -98 + 117. Suppose 0 = 3*l - 9, -4*l - k = 5*g + 9. List the prime factors of 52/13 - g*23.
2, 47
Let l(m) = 157*m**2 + 16*m - 28. Let y be l(4). List the prime factors of 1/(-5 - (-12747)/y).
2, 7, 13
Let z = 30 + -65. Let f be z/(-3) + ((-2)/2)/(-3). Let r(y) = 2*y**2 - 10*y - 17. What are the prime factors of r(f)?
151
Let p(a) = -30*a**2 - 3*a + 4. Let g be p(-4). Let w = 1084 + g. What are the prime factors of w?
2, 5, 31
Suppose 19*o - 16*o = -9. Let s be o/(-2)*(-2952)/(-27). Suppose k = -k + s. What are the prime factors of k?
2, 41
Let h(g) = 4*g**3 - 2*g**2 - 12*g + 10. Let b(i) = 6 + 36*i**2 + 10 - 19*i**2 - 16*i**2 - 8*i. Let u be b(6). List the prime factors of h(u).
2, 3, 31
List the prime factors of 28*12/42 - (-16807 + -1).
2, 1051
Let j be 2 - ((-10)/(-25)*5 + -5). Suppose -6*i + j*i - 2*p = -478, p + 1957 = 4*i. List the prime factors of i.
2, 61
Let n(r) = 213*r**2 + 21*r - 20. Let k be n(6). Suppose 5*d = 566 + k. What are the prime factors of d?
2, 3, 139
Let y(f) = -1496*f - 189. List the prime factors of y(-13).
19259
Suppose -3*y - 1 = -c + 4, 4*c + 2*y = 20. Suppose c*l = 2*i + 2*i + 20, -4*l + 16 = -3*i. What are the prime factors of 98 + -3 + i + 7?
2, 3, 17
Let p(n) = 43*n - 156. Let m be p(-44). Let x = -1099 - m. List the prime factors of x.
13, 73
Let x = -129 - -138. Let g = 19 - x. List the prime factors of g.
2, 5
Suppose -8 - 8 = -2*p. Let j = p - -1. Suppose -j*z - 117 = -10*z. What are the prime factors of z?
3, 13
What are the prime factors of ((-286845)/(-5))/(3 + 0)?
13, 1471
Let f(n) = -2*n**3 - 43*n**2 - 21*n + 1. Let o be f(-21). Let y(p) = 576*p - 17. What are the prime factors of y(o)?
13, 43
Suppose 0 = 17*q + 10*q - 8586. What are the prime factors of q?
2, 3, 53
Suppose 0 = -2*y - r + 5, -y - 4*r + 7 = r. Suppose 6*o = 4*o - b + 73, -29 = -o + y*b. Suppose k = o + 107. What are the prime factors of k?
2, 71
Let c(d) = -d**2 + 12*d - 10. Let y be -44*5/(-2)*(-10)/(-100). Suppose y*k = -21 + 109. List the prime factors of c(k).
2, 11
Suppose 10*m = 2*m - 256. Let x be (m/(-3))/(-4)*(-765)/6. Suppose -4*w + 96 = -x. What are the prime factors of w?
109
Let d = 480 - 480. Suppose d = q - 5*c - 1313, c = 2*c. List the prime factors of q.
13, 101
Suppose -3*b = -4*c + 2*b - 927, -967 = 4*c + 3*b. List the prime factors of (-11 - -1)/(7/c).
2, 5, 17
Let l(b) = 204*b**2 - 6*b - 2. Let i = -104 - -102. Let v be l(i). Suppose -3*r + v = 4*r. What are the prime factors of r?
2, 59
Suppose -r = r - 678. Suppose 0 = 2*w + 5*m - 23, 3*m = 3*w + 2*w - 11. Suppose 0*y + 246 = 3*y - 5*f, -3*f - r = -w*y. List the prime factors of y.
3, 29
Suppose 2537 = -17*q + 9025 + 1332. Let l(p) = -45*p. Let y be l(6). Let s = y + q. List the prime factors of s.
2, 5, 19
Let s(w) = -287*w - 7066. List the prime factors of s(-65).
3, 3863
Let b be -2*28/8 - 0. Let u be (b - -4)/(-3) - -45. Let g = u + -22. What are the prime factors of g?
2, 3
Suppose -4*a - 79 = a + x, -a - 19 = -3*x. Let u = a - -15. Let r(p) = 95*p**2 + p. List the prime factors of r(u).
2, 47
Suppose 2*q - 4*y - 4122 = 10226, -4*q + 5*y = -28690. List the prime factors of q.
2, 3, 5, 239
Suppose -h - 20*h + 564690 = 0. List the prime factors of h.
2, 5, 2689
Suppose -156*s - 84 + 396 = 0. Let x = -126 + 191. Suppose -x - 95 = -s*v. What are the prime factors of v?
2, 5
Let u(c) = 63*c**3 - 13*c**2 + c - 2. What are the prime factors of u(3)?
5, 317
Let v(d) = -16*d**3 + d + 32. List the prime factors of v(-6).
2, 1741
Let z be (-247)/(-57) - 2/(-3). Suppose -14 - 6 = 4*y, -y = 2*w + z. What are the prime factors of 4 - w/(-4 + 1)?
2
Suppose -3*d - 1016232 = -38*d